er?
True
Is 23039669 a prime number?
True
Is 191569949 composite?
False
Is 514218019 a composite number?
True
Is 601397 prime?
True
Is 38068397 a composite number?
False
Is 173007953 prime?
False
Is 1800606791 prime?
True
Is 4153037 prime?
False
Is 31080359 a composite number?
False
Is 887597 a prime number?
False
Is 1487093761 prime?
False
Is 47422283 composite?
False
Is 39191363 a composite number?
False
Is 1555432763 a composite number?
False
Is 4708549 a composite number?
True
Is 27046969 prime?
False
Is 19352057 a prime number?
True
Is 262605107 prime?
False
Is 65371142 composite?
True
Is 18919127 prime?
True
Is 1600033 a prime number?
True
Is 69525263 a prime number?
True
Is 83400979 a prime number?
False
Is 190875359 a prime number?
True
Is 617261 prime?
False
Is 18216131 a composite number?
True
Is 143086759 a prime number?
True
Is 6953381 composite?
True
Is 1187481253 a composite number?
True
Is 34019 composite?
False
Is 1206217 a prime number?
False
Is 679633 a composite number?
False
Is 41463671 prime?
True
Is 12343679 composite?
False
Is 387457087 composite?
False
Is 14807785 a prime number?
False
Is 6835929 composite?
True
Is 12814205 composite?
True
Is 21357499 prime?
True
Is 435077 a composite number?
True
Is 68436619 composite?
False
Is 24797203 composite?
True
Is 173645 composite?
True
Is 1129503473 a composite number?
True
Is 10006157 composite?
True
Is 304388407 composite?
False
Is 3062867 composite?
True
Is 3082771 a prime number?
True
Is 76676053 a prime number?
True
Is 487309 a composite number?
True
Is 6236539 a prime number?
False
Is 496949 a composite number?
False
Is 133705501 composite?
True
Is 4562317 a prime number?
True
Is 9013099 a composite number?
True
Is 20080711 composite?
True
Is 8485579 prime?
True
Is 327450317 composite?
False
Is 31655389 composite?
False
Is 78418243 a prime number?
False
Is 278045 composite?
True
Is 124877041 a prime number?
True
Is 4189243 a composite number?
True
Is 1151093 a prime number?
False
Is 23582081 composite?
True
Is 446990567 a composite number?
True
Is 18020203 composite?
False
Is 59254697 a composite number?
False
Is 3194657 composite?
True
Is 1675539347 prime?
True
Is 262993747 a prime number?
True
Is 2310043 a prime number?
True
Is 4403803 prime?
True
Is 24595681 composite?
True
Is 10292419 prime?
False
Is 6008074 a composite number?
True
Is 19322239 composite?
False
Is 13014931 a prime number?
False
Is 2183141 composite?
False
Is 1320377 composite?
False
Is 315961 prime?
True
Is 298232917 a composite number?
False
Is 15462743 a composite number?
True
Is 185185369 composite?
True
Is 29377 a prime number?
False
Is 17562497 a prime number?
True
Is 3844427 a prime number?
False
Is 29003309 a prime number?
False
Is 24775679 a prime number?
False
Is 213237979 prime?
True
Is 343198187 a composite number?
True
Is 15835583 a prime number?
True
Is 15986957 a prime number?
False
Is 4506613 prime?
False
Is 5832839 composite?
False
Is 592211083 prime?
True
Is 2308453 prime?
False
Is 198464741 prime?
False
Is 5688206 a composite number?
True
Is 40078937 a prime number?
True
Is 35944269 a prime number?
False
Is 387376973 a composite number?
False
Is 1012337187 a composite number?
True
Is 9191963 composite?
True
Is 2311921 composite?
False
Is 23854769 a composite number?
False
Is 196153977 a prime number?
False
Is 56862541 prime?
False
Is 11443 prime?
True
Is 794641 composite?
False
Is 1456501 a prime number?
True
Is 24761341 composite?
True
Is 8261479 a prime number?
True
Is 101625551 a prime number?
True
Is 8562377 a composite number?
False
Is 813723 a composite number?
True
Is 1483817 a prime number?
False
Is 33912661 a prime number?
False
Is 4344721 a prime number?
True
Is 6791257 a composite number?
True
Is 11233049 composite?
False
Is 523144093 a composite number?
False
Is 438091 composite?
False
Is 19205233 a composite number?
False
Is 2281571 composite?
False
Is 7452377 a composite number?
False
Is 18206599 a composite number?
False
Is 55073 composite?
False
Is 180731 a composite number?
False
Is 10703923 a prime number?
True
Is 156092447 prime?
False
Is 50071447 composite?
False
Is 580163 composite?
False
Is 100141 prime?
False
Is 88991 a composite number?
True
Is 107675791 a prime number?
True
Is 2856367 a prime number?
False
Is 52263919 prime?
False
Is 6574991 composite?
True
Is 531385117 prime?
False
Is 948169 composite?
False
Is 36470773 composite?
False
Is 1292562787 a composite number?
False
Is 25400203 composite?
True
Is 524731 composite?
False
Is 8311099 a composite number?
False
Is 10842097 composite?
True
Is 2620903 a prime number?
False
Is 163973 composite?
False
Is 46908757 a composite number?
True
Is 22690691 composite?
False
Is 28728191 a composite number?
False
Is 65280881 composite?
True
Is 167357423 a prime number?
True
Is 5913341 a prime number?
False
Is 9330283 composite?
True
Is 26422583 a composite number?
True
Is 10290227 a composite number?
True
Is 27880789 a composite number?
False
Is 4259911 prime?
False
Is 68017987 composite?
False
Is 948154501 a composite number?
True
Is 10276811 composite?
True
Is 549525763 composite?
False
Is 18883043 a prime number?
True
Is 594533 a composite number?
False
Is 72745031 composite?
True
Is 16934087 a prime number?
False
Is 38619631 a composite number?
True
Is 352186253 a prime number?
True
Is 1414969071 a composite number?
True
Is 33312211 prime?
False
Is 11653997 a composite number?
True
Is 15212057 a composite number?
True
Is 142987739 composite?
True
Is 4169281 a prime number?
True
Is 1301387 prime?
True
Is 8916581 a composite number?
False
Is 45223807 a prime number?
True
Is 378182801 a prime number?
False
Is 26405543 a composite number?
True
Is 9278699 prime?
True
Is 19053389 composite?
False
Is 7623547 composite?
True
Is 88931 a prime number?
False
Is 2661731 prime?
True
Is 36544819 composite?
True
Is 6244061 a prime number?
True
Is 229037797 composite?
False
Is 2457727 a prime number?
True
Is 12569 a prime number?
True
Is 4078229 composite?
True
Is 140648033 composite?
False
Is 98433929 composite?
True
Is 445692553 composite?
True
Is 27914717 prime?
True
Is 21262963 a composite number?
True
Is 24027403 a composite number?
False
Is 27418361 a prime number?
True
Is 5353067 a composite number?
False
Is 415441 prime?
False
Is 18934553 prime?
False
Is 2920457 a composite number?
False
Is 59396567 a prime number?
False
Is 330518591 a prime number?
False
Is 154547138 prime?
False
Is 21010307 composite?
False
Is 1489697 composite?
True
Is 22194001 a composite number?
False
Is 22945261 prime?
True
Is 32384585 a prime number?
False
Is 113047633 prime?
False
Is 170092469 a composite number?
False
Is 1268911641 a composite number?
True
Is 6550139 a composite number?
True
Is 543769 composite?
False
Is 93454433 composite?
False
Is 62980543 a composite number?
True
Is 852163423 a prime number?
True
Is 27619243 a composite number?
False
Is 17649787 composite?
False
Is 11258267 a composite number?
True
Is 19752289 a composite number?
False
Is 123061831 a prime number?
False
Is 56017847 prime?
False
Is 5618923 a composite number?
True
Is 3537113 prime?
True
Is 708787 a composite number?
True
Is 61146233 prime?
False
Is 1070621 prime?
True
Is 789823 composite?
False
Is 28572679 a prime number?
True
Is 422036267 a prime number?
True
Is 39437869 a prime number?
False
Is 4246919 a composite number?
False
Is 39972211 prime?
False
Is 11978633 a prime number?
False
Is 56938387 prime?
False
Is 5828723 composite?
False
Is 75458953 composite?
False
Is 14855803 a prime number?
True
Is 114089597 composite?
False
Is 14963 a prime number?
False
Is 181361 a composite number?
False
Is 33579989 a prime number?
True
Is 182709563 a composite number?
False
Is 2048741 a prime number?
False
Is 685669 prime?
True
Is 8035273 a composite number?
False
Is 9678359 composite?
True
Is 196841551 prime?
False
Is 73307137 composite?
True
Is 7920133 prime?
False
Is 6056159 composite?
False
Is 220440673 prime?
True
Is 87613007 a prime number?
False
Is 1914989 a prime number?
False
Is 216858439 a composite number?
True
Is 153345971 composite?
True
Is 1416931 composite?
False
Is 205664059 prime?
True
Is 5008369 a prime number?
True
Is 1371077 a composite numbe